743 is divided by 85.
23
What is the remainder when 11028 is divided by 1390?
1298
Calculate the remainder when 130151 is divided by 87.
86
What is the remainder when 10459 is divided by 69?
40
Calculate the remainder when 37961 is divided by 513.
512
Calculate the remainder when 410687 is divided by 35.
32
What is the remainder when 1693 is divided by 357?
265
What is the remainder when 4994 is divided by 100?
94
What is the remainder when 1332 is divided by 659?
14
Calculate the remainder when 15413 is divided by 77.
13
What is the remainder when 685134 is divided by 228?
222
Calculate the remainder when 886 is divided by 234.
184
Calculate the remainder when 332025 is divided by 95.
0
Calculate the remainder when 49548 is divided by 2752.
12
What is the remainder when 1988278 is divided by 210?
208
What is the remainder when 1030 is divided by 43?
41
What is the remainder when 30757 is divided by 181?
168
What is the remainder when 4599 is divided by 44?
23
What is the remainder when 444433 is divided by 33?
22
Calculate the remainder when 240794 is divided by 45.
44
Calculate the remainder when 124608 is divided by 1857.
189
Calculate the remainder when 21065 is divided by 6958.
191
Calculate the remainder when 4337 is divided by 1426.
59
What is the remainder when 174913 is divided by 2?
1
What is the remainder when 199263 is divided by 214?
29
What is the remainder when 57006 is divided by 42?
12
Calculate the remainder when 1546 is divided by 1414.
132
Calculate the remainder when 36694 is divided by 139.
137
What is the remainder when 369180 is divided by 139?
135
Calculate the remainder when 19351 is divided by 1221.
1036
What is the remainder when 26512 is divided by 465?
7
What is the remainder when 8497 is divided by 8310?
187
Calculate the remainder when 19703 is divided by 2188.
11
Calculate the remainder when 2256 is divided by 388.
316
What is the remainder when 6070 is divided by 510?
460
What is the remainder when 185187 is divided by 506?
497
Calculate the remainder when 498955 is divided by 46.
39
What is the remainder when 519 is divided by 44?
35
What is the remainder when 2339 is divided by 285?
59
What is the remainder when 6404 is divided by 803?
783
What is the remainder when 570886 is divided by 36?
34
What is the remainder when 3367 is divided by 697?
579
Calculate the remainder when 2885 is divided by 23.
10
Calculate the remainder when 3627 is divided by 680.
227
What is the remainder when 3462 is divided by 124?
114
Calculate the remainder when 13312 is divided by 54.
28
Calculate the remainder when 192034 is divided by 66.
40
Calculate the remainder when 401858 is divided by 566.
564
Calculate the remainder when 134683 is divided by 44891.
10
What is the remainder when 1423 is divided by 706?
11
What is the remainder when 93714 is divided by 7?
5
What is the remainder when 57256 is divided by 7155?
16
What is the remainder when 32454 is divided by 16216?
22
Calculate the remainder when 324332 is divided by 9.
8
Calculate the remainder when 755 is divided by 493.
262
What is the remainder when 1671 is divided by 586?
499
What is the remainder when 36299 is divided by 239?
210
What is the remainder when 3257 is divided by 68?
61
What is the remainder when 303167 is divided by 134?
59
Calculate the remainder when 2221 is divided by 157.
23
Calculate the remainder when 27689 is divided by 687.
209
Calculate the remainder when 3139 is divided by 323.
232
What is the remainder when 3069 is divided by 2857?
212
Calculate the remainder when 2097 is divided by 423.
405
What is the remainder when 17460 is divided by 13?
1
What is the remainder when 1532 is divided by 270?
182
What is the remainder when 6926 is divided by 165?
161
Calculate the remainder when 2042 is divided by 197.
72
Calculate the remainder when 12021 is divided by 2003.
3
What is the remainder when 327634 is divided by 54603?
16
What is the remainder when 2080 is divided by 347?
345
What is the remainder when 6397 is divided by 44?
17
What is the remainder when 3597210 is divided by 373?
371
What is the remainder when 4072 is divided by 141?
124
What is the remainder when 10830 is divided by 8?
6
Calculate the remainder when 3889 is divided by 3523.
366
Calculate the remainder when 1509229 is divided by 370.
369
What is the remainder when 87819 is divided by 18?
15
What is the remainder when 56228 is divided by 1560?
68
What is the remainder when 368422 is divided by 2?
0
Calculate the remainder when 3570 is divided by 91.
21
Calculate the remainder when 24208 is divided by 551.
515
Calculate the remainder when 221196 is divided by 100.
96
What is the remainder when 49770 is divided by 16542?
144
Calculate the remainder when 876909 is divided by 527.
508
Calculate the remainder when 5466 is divided by 86.
48
What is the remainder when 2785 is divided by 37?
10
What is the remainder when 50917 is divided by 369?
364
Calculate the remainder when 102327 is divided by 4.
3
What is the remainder when 264869 is divided by 190?
9
Calculate the remainder when 1382 is divided by 155.
142
What is the remainder when 547715 is divided by 39?
38
Calculate the remainder when 11431 is divided by 3795.
46
Calculate the remainder when 17561 is divided by 118.
97
What is the remainder when 36503 is divided by 2607?
5
What is the remainder when 2724838 is divided by 9?
7
Calculate the remainder when 27451 is divided by 96.
91
Calculate the remainder when 60850 is divided by 414.
406
What is the remainder when 12715 is divided by 1815?
10
What is the remainder when 1185 is divided by 303?
276
What is the remainder when 2872001 is divided by 61?
60
What is the remainder when 47325 is divided by 6759?
12
Calculate the remainder when 47740 is divided by 9546.
10
What is the remainder when 10684 is divided by 78?
76
What is the remainder when 3137 is divided by 24?
17
What is the remainder when 9975 is divided by 21?
0
Calculate the remainder when 5063 is divided by 461.
453
Calculate the remainder when 655 is divided by 100.
55
What is the remainder when 403 is divided by 192?
19
Calculate the remainder when 985 is divided by 831.
154
Calculate the remainder when 2853333 is divided by 1145.
1138
Calculate the remainder when 3113 is divided by 623.
621
Calculate the remainder when 1502252 is divided by 526.
522
What is the remainder when 67670 is divided by 19?
11
Calculate the remainder when 6216 is divided by 6213.
3
Calculate the remainder when 11408 is divided by 2805.
188
Calculate the remainder when 10082 is divided by 4686.
710
What is the remainder when 482 is divided by 71?
56
What is the remainder when 1598667 is divided by 573?
570
Calculate the remainder when 9816 is divided by 63.
51
Calculate the remainder when 18425 is divided by 24.
17
Calculate the remainder when 23087 is divided by 43.
39
Calculate the remainder when 154498 is divided by 618.
616
What is the remainder when 14044 is divided by 2006?
2
What is the remainder when 2638 is divided by 671?
625
Calculate the remainder when 59554 is divided by 19850.
4
What is the remainder when 1419839 is divided by 136?
135
Calculate the remainder when 31097 is divided by 2580.
137
What is the remainder when 1631 is divided by 257?
89
What is the remainder when 709241 is divided by 20?
1
What is the remainder when 13101 is divided by 252?
249
What is the remainder when 20683 is divided by 102?
79
What is the remainder when 57991 is divided by 1233?
40
What is the remainder when 9773 is divided by 16?
13
Calculate the remainder when 111065 is divided by 123.
119
What is the remainder when 6766 is divided by 50?
16
What is the remainder when 7134 is divided by 59?
54
Calculate the remainder when 66636 is divided by 1768.
1220
Calculate the remainder when 125871 is divided by 322.
291
Calculate the remainder when 1426 is divided by 1357.
69
Calculate the remainder when 4245 is divided by 4137.
108
What is the remainder when 787048 is divided by 1166?
1164
Calculate the remainder when 131903 is divided by 5.
3
Calculate the remainder when 23943 is divided by 1596.
3
Calculate the remainder when 71966 is divided by 11987.
44
Calculate the remainder when 5929 is divided by 219.
16
What is the remainder when 785 is d